*g - 236 = 0. What is the remainder when t is divided by 22?
14
Suppose 4*q = 5*g + 3, -3*g + 2*q - 7 = -3*q. Calculate the remainder when 8 is divided by g.
0
Let s(k) = -9*k - 6. Let j be s(6). Let t = j + 110. Suppose 0*u - b = 4*u - t, 5*b = -u + 22. Calculate the remainder when 23 is divided by u.
11
Let a be (-9)/12*(-2 + 22). Let k = 25 + a. Suppose -5*f + 15 = 3*d - 62, 5*d - 141 = -2*f. What is the remainder when d is divided by k?
9
Suppose 2*u + 3*q - 5 = 2*q, 0 = 4*u + 4*q - 12. Let d be 1 - 1 - -1*1. Let o = d + u. Calculate the remainder when o is divided by 2.
1
Suppose -4*c - 4*y - 3 + 51 = 0, 20 = 2*c + y. Suppose 8 + 7 = 5*r. What is the remainder when r is divided by (4/8)/(2/c)?
1
Let x be 3/6 - 14/(-4). Let u = -1 + x. Suppose -5*j - 4*q = q - 85, j + u*q = 17. What is the remainder when 49 is divided by j?
15
Let n = -9 + 8. Let r(h) = 18*h**2 - 1. What is the remainder when 33 is divided by r(n)?
16
Let u(b) be the first derivative of -b**4/4 - 5*b**3 - 8*b**2 + b - 7. What is the remainder when u(-14) is divided by 6?
5
Suppose 4*c = -c + 3*s + 211, 5*c + 4*s = 197. Let m(u) = 13*u**2 - 2*u - 1. Calculate the remainder when c is divided by m(-1).
13
Let k = 40 + -38. Let l(q) = -q - 1. Calculate the remainder when l(-6) is divided by k.
1
Let m be (-3 + 3 - 3)/(-1). Let o = m + -1. Calculate the remainder when 2 is divided by 2/(-3)*(-3)/o.
0
Let f be (-11 - -2)/(4/12). Let o = f + 46. Calculate the remainder when o is divided by 7.
5
Let o be (-134)/(-4) - 1/2. Let h = o + -22. Calculate the remainder when 20 is divided by h.
9
Suppose -u = -5*u + 40. Let g = 20 + u. Suppose 0 = -4*b + b + g. Calculate the remainder when 19 is divided by b.
9
Suppose 2*s - 320 - 16 = 0. Calculate the remainder when s is divided by 34.
32
Let d(w) be the third derivative of -w**4/6 - w**3/6 + w**2. Let c(t) = t**3 + 8*t**2 - 4*t - 19. Calculate the remainder when d(-6) is divided by c(-8).
10
Suppose 2*u + 0*u - 2*l = 86, 5*u - 245 = -5*l. Suppose 4*m - 22 = -2*t + 22, 3*m - 57 = -3*t. Calculate the remainder when u is divided by t.
14
Suppose -l + 95 = 4*x, -5*x + l = -2*l - 140. Calculate the remainder when 99 is divided by x.
24
Suppose 6*n - 4 = 5*n. What is the remainder when 11 is divided by n?
3
Suppose -30 = -0*j - j. Let p(h) = h**2 - 3*h - 5. Let i be p(5). Let q(v) = 4*v - 4. What is the remainder when j is divided by q(i)?
14
Let i(j) = -j**2 + 7*j. Let g be i(7). Suppose 3*f - 17 - 10 = g. Let v(d) = 25*d**3 + d**2. Calculate the remainder when v(1) is divided by f.
8
Let h = -78 - -83. Calculate the remainder when 29 is divided by h.
4
Let f = 4 + 5. What is the remainder when (4 + 3)*6/1 is divided by f?
6
Let y(c) = 2*c**3 - 3*c + 3*c - 5*c**3 - 3*c**2 + 2. Calculate the remainder when y(-2) is divided by 4.
2
Suppose -m = -0 - 30. Suppose 0 = 4*w - 22 - m. Let s = 44 - 20. What is the remainder when s is divided by w?
11
Suppose 2 = -o - 0. Let y be 3*((-24)/(-9) + o). Suppose 2*r - 60 = -4*k, y*r - 41 = 4*k + 3. What is the remainder when r is divided by 7?
5
Let q be (2/6)/(3/18). Let u(z) = z + 2. Let p be u(q). Suppose 0*k + 3*k - p*b = 89, -4*b = 2*k - 66. What is the remainder when k is divided by 11?
9
Suppose 4*c - 12 = -2*x - 0*x, -5*x = 2*c - 14. Suppose -5*v - 7 = -z, z - v - 7 = -x*z. What is the remainder when 6 is divided by z?
0
Let f be (-4)/14 + 2/7. Suppose 5*t - 70 = -f*t. What is the remainder when t is divided by (15/12)/((-2)/(-8))?
4
Let o(m) = m**3 + 14*m**2 - 4*m - 14. Calculate the remainder when o(-14) is divided by 12.
6
Let s = 50 + -24. Let j = 41 - 25. Suppose 1 = -2*a - 1, -2*a - j = -x. What is the remainder when s is divided by x?
12
Let b = -7 + 25. What is the remainder when 89 is divided by b?
17
Suppose 0 = 2*x + x + 12. Let q(u) = -8*u + 5. Let f be q(x). Suppose -2*n + f = 7. What is the remainder when 43 is divided by n?
13
Suppose 0 = 4*r - 80 - 4. What is the remainder when 67 is divided by ((-34)/(-6))/(7/r)?
16
Suppose -z = -0*q + q - 7, -4*q + 32 = 5*z. Let w = 13 - 2. Let v = w - 3. Calculate the remainder when v is divided by q.
2
Suppose -33 = -5*h + c - 8, -2*h + 33 = -5*c. What is the remainder when 11 is divided by h?
3
Suppose -z + d = 3*d - 69, -3*z - 2*d = -223. What is the remainder when z is divided by ((-14)/(-21))/((-3)/(-117))?
25
Suppose 73 = 3*t - 5*p, p + 69 = -0*t + 4*t. Calculate the remainder when 59 is divided by t.
11
Let d(t) = -1 + 4*t - t**2 + 0*t + 4*t**2. Suppose 0 = -5*z + 4*n - 27, z + 4*n = -3*z. Calculate the remainder when d(z) is divided by 8.
6
Suppose 0 = -3*u + 45 + 81. Let h be 0 - (-3)/(9/u). Suppose -h = -4*j + 2. What is the remainder when j is divided by 2?
0
Let a be (-10)/5 - (-51)/3. Let l = -5 + a. What is the remainder when 27 is divided by l?
7
Let q = 6 - 6. Suppose q*y + y = 8. What is the remainder when 29 is divided by y?
5
Suppose 1514 = 4*k + 1442. What is the remainder when 53*(2 + -1 + 0) is divided by k?
17
Let r = 66 + 5. Calculate the remainder when r is divided by 37.
34
Suppose 36 = -5*o + 131. Calculate the remainder when o is divided by ((-36)/24)/(6/(-28)).
5
Let w(y) be the third derivative of y**5/60 + y**4/6 + y**3 - 3*y**2. Calculate the remainder when 29 is divided by w(-5).
7
Suppose -12*v - 8 = -13*v. Let z(g) = 2*g + 7. Calculate the remainder when 66 is divided by z(v).
20
What is the remainder when (-184)/(-3) - 2/(-3) is divided by 13?
10
Suppose u = -5*u + 354. Calculate the remainder when u is divided by 15.
14
Let h = -151 + 235. Suppose d + 3*d - 116 = 0. What is the remainder when h is divided by d?
26
Suppose 5*r = 13 + 7. Let m(k) be the second derivative of k**5/20 - k**4/6 - k**3/2 + 3*k**2 - 3*k. What is the remainder when m(r) is divided by 9?
8
Let q(g) = 2*g**2 + 5*g - 10. Calculate the remainder when q(4) is divided by 11.
9
What is the remainder when 39 is divided by (-532)/(-36) + 4/18?
9
Suppose -10*v + 5*v = -50. What is the remainder when 28 is divided by v?
8
Suppose -66 = -2*a - a. Calculate the remainder when 65 is divided by a.
21
Suppose 0 = 9*r - 10*r + 17. What is the remainder when r is divided by 5?
2
Let h be (-1*6)/3 + -3. Let b = h + 8. Suppose -2*x - 124 = -b*o, 0 = -2*o - x - 37 + 122. What is the remainder when o is divided by 22?
20
Let q be ((-21)/4)/(2/(-8)). Let g = 15 - 22. Let p = q - g. What is the remainder when p is divided by 10?
8
Let x(t) = t + 8. Calculate the remainder when x(13) is divided by 12.
9
Let v(f) = -3*f + 70. Calculate the remainder when 70 is divided by v(17).
13
Let l(y) = 2*y. Let u be l(-1). Let w be u/6*1*-15. Let k = w + -1. What is the remainder when 6 is divided by k?
2
Suppose 0 = -4*x + l + 284, 3*l = -2*x + 82 + 46. Suppose 3*u + 2*u = 120. Calculate the remainder when x is divided by u.
22
Let l(f) = 3. Let x(t) = t + 23. Let d(z) = -21*l(z) + 3*x(z). What is the remainder when d(5) is divided by 8?
5
Let n(y) = 11*y**3 + y**2 + y - 1. What is the remainder when n(2) is divided by 24?
21
What is the remainder when 3*(-12)/9 - -42 is divided by 10?
8
Let y(b) = 3*b**2 - 4*b + 3. Let r be y(2). Suppose -12*p + 8*p = 5*c + 11, 0 = 5*p - 3*c - 14. Let q = r - p. Calculate the remainder when q is divided by 4.
2
Suppose -26 = -8*b + 6*b. Let g(m) = m**2 + 36. What is the remainder when g(0) is divided by b?
10
What is the remainder when 49 is divided by (-1692)/(-132) + 2/11?
10
Let f(x) = x**3 - 2*x**2 - 4. Let l be f(3). Suppose l*y = 4*p - 47, 3*p - 4*p = -5*y - 8. What is the remainder when 49 is divided by p?
10
Calculate the remainder when 106 is divided by (3/2)/(3/54).
25
Let f(u) = -u + 18. What is the remainder when f(7) is divided by 4?
3
Suppose -2*f - 2*f - 25 = -3*w, 0 = 5*w + 4*f - 95. Calculate the remainder when 27 is divided by w.
12
Let y = -6 - -11. Let m(l) = -3*l - 5. Let z be m(-5). Suppose 0*c - 5*c + z = 0. Calculate the remainder when y is divided by c.
1
Calculate the remainder when 33 is divided by (2 - -4)*12/8.
6
Suppose -5*u + 213 = -2*u. Suppose -3*l - 5*g = -u, -6*g - 118 = -4*l - g. Calculate the remainder when l is divided by 7.
6
Let k be ((-456)/20)/(6/(-15)). Suppose 0 = -5*t - 2 + k. What is the remainder when 52 is divided by t?
8
Let z(k) = 12*k**2 - 4*k + 2. Let v be z(2). Let t = v - 30. L